
13, 103
Suppose 6 = 3*u, 4*f + 2*u - 114 = 7*u. Let x = f + -21. What are the prime factors of x?
2, 5
Let a be 1/4 - (-44)/16. Suppose 4*x = 4*m - m - 250, a*m = -2*x + 244. List the prime factors of m.
2, 41
Let f(v) = -4*v + 74. List the prime factors of f(11).
2, 3, 5
Let v be 5/1*1*1. Let h be (-1)/((1 + 1)/(-6)). Suppose v*j - h*j - 32 = 0. List the prime factors of j.
2
What are the prime factors of (7 + -3)*(2640/3)/4?
2, 5, 11
Suppose f + b - 146 = 235, 5*f - b - 1887 = 0. What are the prime factors of f?
2, 3, 7
Let i = 197 - 116. Let h be ((-199)/5)/(8/(-40)). Suppose -i - h = -4*n. What are the prime factors of n?
2, 5, 7
Suppose 0 = -5*r, 1 = 3*w - 4*w + 2*r. What are the prime factors of 172/(-1)*w/2?
2, 43
Suppose 4*d - 2420 = -0*t + 2*t, d - 607 = t. What are the prime factors of d?
3, 67
Let v be 18/4*92/2. Let n = 452 - v. List the prime factors of n.
5, 7
Let b = 12 - 12. Let c be 4/(b + 8)*-58. Let f = 61 + c. List the prime factors of f.
2
Suppose 0 = 6*h - 12*h + 7182. List the prime factors of h.
3, 7, 19
Suppose -5*m + 571 = r, 3*m - 2*m - r = 119. List the prime factors of m.
5, 23
Suppose 1156*n - 18676 = 1149*n. List the prime factors of n.
2, 23, 29
Let a(c) = c**2 - 8*c + 9. Let v be a(7). Let l be (-24)/20*(-5)/v. List the prime factors of (-6 + l)/((-3)/22).
2, 11
Let k = 910 - 526. Suppose -3*c + b + 290 = 0, 4*c - 3*b = b + k. What are the prime factors of c?
97
Suppose 4*q + 51 = o, -3*q - q - 49 = -3*o. Let s = q - -15. What are the prime factors of (6 - s)/((-4)/(-22))?
2, 11
Let r(y) = -3*y + 4. Let l be r(3). Let c = l - -7. Suppose -c*j + 7*j = 75. List the prime factors of j.
3, 5
Let d(j) = -46*j**3 - 3*j + 3. Let u be d(2). What are the prime factors of u/(-5) - 1/5?
2, 37
Suppose 0 = 5*c - 8 - 7. Suppose -566 = c*k + 232. What are the prime factors of k/(-6) - (-4)/(-12)?
2, 11
Let v = 1016 + -213. What are the prime factors of v?
11, 73
What are the prime factors of (73 + -2)/((-2)/(-18))?
3, 71
Suppose -2715 = -5*y - 4*z, 4*y - 4*z - 2172 = -0*z. List the prime factors of y.
3, 181
What are the prime factors of 166/(-3)*-32 - (-12)/36?
7, 11, 23
Suppose -4*v = -v. Let z = v - -3. Suppose 5*g - 59 = z*p, 2*g = -0*p + 4*p + 18. List the prime factors of g.
13
List the prime factors of ((-1180)/(-25))/(5 - (-1719)/(-345)).
2, 23, 59
Let o = -1 + 8. Let z(a) = a**2 + a + 1. Let l(b) = 3*b**2 - 5*b + 11. Let t(c) = l(c) - 2*z(c). List the prime factors of t(o).
3
Suppose -b = c - 26, -2*b - 6 = c - 61. Let r = b + 18. What are the prime factors of r?
47
Suppose -5*o + 6*o - 5 = 2*p, -4*o = -2*p - 20. Suppose 78*g - 74*g - 220 = p. List the prime factors of g.
5, 11
What are the prime factors of -558*(4/14)/(3/(-7))?
2, 3, 31
Let q(m) = -m**3 - 3*m**2 + 5*m + 2. Let l be q(-4). Let a = l - -9. Let v(w) = w**2 - 7*w + 10. What are the prime factors of v(a)?
2, 5
Suppose -u + 2*f - 6 = 0, -f + 12 = -3*u + 7*u. List the prime factors of (u - -4) + 0 + 2.
2
Suppose 0 = 4*z - 5*v - 7186, z + 4*v - 1786 = -0*z. Suppose z = -5*o + 18*o. List the prime factors of o.
2, 3, 23
Let x be (-2)/4 + (-49)/(-14). What are the prime factors of -2*(x - 235/10)?
41
Let p = -26 - -30. Suppose 211 = i + 2*i + p*s, -2*i + 135 = -3*s. List the prime factors of i.
3, 23
Let c = 485 + 29. What are the prime factors of c?
2, 257
Let k = 32 - 36. Let h be (-8)/(k - -4 - 2). What are the prime factors of ((-88)/6)/(h/(-12))?
2, 11
Suppose 7*n + 14521 = 20*n. What are the prime factors of n?
1117
Let u(h) = 2*h - 6. Let g be u(0). Suppose 4*w + 0*b - 72 = b, 2*w - 36 = 2*b. Let q = g + w. What are the prime factors of q?
2, 3
Suppose -3*f = 3*t + 84, -5*t + 5*f + 0*f = 110. Let g = -12 - t. Suppose g*y - 165 = 8*y. List the prime factors of y.
3, 11
Let l be (-12)/8*(-2868)/9. Suppose -7*u + l = -12. What are the prime factors of u?
2, 5, 7
Let l(w) = 2*w**2 + 6*w + 4. Let j be l(14). Suppose j = 21*s - 16*s. Suppose 2*f + 14 = s. What are the prime factors of f?
41
Let y = -8 - 4. Let u = y - -14. Suppose -3*b - 131 = -3*w - u*w, 5*w + 5*b - 155 = 0. What are the prime factors of w?
2, 7
Suppose 3*i - 6 = -0*i. Let q(a) = a - 1. Let y(w) = -6*w + 10. Let f(l) = i*q(l) + y(l). What are the prime factors of f(-4)?
2, 3
Suppose 2*b = -4*i - 30, 4*i + 0*b + 5*b = -27. Let v be 42/(-3)*204/i. Suppose 0 = 3*o + 4*o - v. List the prime factors of o.
3, 17
Let s = 2525 + -598. List the prime factors of s.
41, 47
List the prime factors of (-2)/(-8) + (-1370)/(-120)*9.
103
Let u = 2935 + -877. Suppose -10*b = -u + 98. List the prime factors of b.
2, 7
Suppose 5*p + 11 = 71. List the prime factors of (3 - -9)*57/p.
3, 19
Let r(f) = f**3 - 11*f**2 - 9*f - 17. Let p = 35 + -23. List the prime factors of r(p).
19
Let j be 3179/77 - 4/14. Let a be (0 + 0)/(-5 - -7). What are the prime factors of (j - a)*(-2 - -3)?
41
Suppose 0 = -3*s + 2 + 4, 2 = -4*w - 3*s. What are the prime factors of 27 - (3/2 - w/(-4))?
2, 13
Let i(o) = o**2 + 7*o - 8. Let p be i(-8). Let j(s) = s**3 + s**2 - s. Let b be j(p). Suppose 5*m - 17 = 2*g, b*m = -m + g + 1. What are the prime factors of m?
5
Suppose 4*m = 4*c + 28, m = 4*m - c - 15. Suppose 0*l = -l + 2, m*r + l - 230 = 0. What are the prime factors of r?
3, 19
Suppose 0 = 8*z - 12*z + 172. What are the prime factors of z?
43
Suppose 5*x - 2*j - 2*j = -14, -34 = 3*x + 4*j. Let d = -200 - -209. Let s = d - x. List the prime factors of s.
3, 5
Suppose 8097 = 3*y - 16*o + 17*o, 0 = -5*y + 3*o + 13509. What are the prime factors of y?
2, 3, 5
Suppose 8 = -4*h, 57*q + 2668 = 58*q + 4*h. List the prime factors of q.
2, 3, 223
Suppose 0 = -z - o + 3, -3*z + 13 = -0*z - o. Let p(d) be the third derivative of -d**5/60 + d**4/3 + d**3/6 + d**2. What are the prime factors of p(z)?
17
Let d(y) = -6*y + 125. What are the prime factors of d(-7)?
167
Let a = -58 - -57. List the prime factors of 70 - (a + (-4)/8*0).
71
Suppose 555 = 5*b - 0*b. Let r = b - -16. What are the prime factors of r?
127
Let a = -39 + 60. Let w(v) = 20*v**3 + 2*v**2 - 1. Let t be w(-1). Let d = t + a. What are the prime factors of d?
2
Let m be (10/3)/5*3. Suppose m = c - 5. What are the prime factors of c?
7
Suppose 2*v = 12 - 4. Suppose 3*b - 5 - 1 = 0. Suppose 5*x = -0*l - b*l + 10, v*l = -20. What are the prime factors of x?
2
Let l = 9 - -2. Suppose 1 = o + l. What are the prime factors of ((-24)/o)/((-9)/(-60))?
2
Let n = 20 + -30. What are the prime factors of (-6)/n - 1926/(-90)?
2, 11
Let v(x) = -102*x + 149. What are the prime factors of v(-10)?
7, 167
Let b(o) = 10*o - 28. Suppose -26 - 1 = -3*f. What are the prime factors of b(f)?
2, 31
Let t(p) = -p**3 + 2*p + 3. Let s be t(0). Let n(j) = 8*j**3 - 4*j + 3. List the prime factors of n(s).
3, 23
Let l be 12/(-21) - (-14912)/28. Suppose 9*j - 98 - l = 0. List the prime factors of j.
2, 5, 7
Suppose 4*z - 5*c + 3*c = 2706, 2042 = 3*z - 4*c. What are the prime factors of z?
2, 337
Let f be 9*(-16)/(-6)*20/(-3). Let h = f + 366. List the prime factors of h.
2, 103
Let k = -64 + 95. Suppose -w + k + 25 = 0. List the prime factors of w.
2, 7
Let a(g) = g**3 + 24*g**2 + 55*g - 21. Let r be a(-21). Let s(m) = 9*m - 3. Let l be s(-9). Let y = r + l. List the prime factors of y.
3, 7
Let z be 126/35 - (-4)/10. Let u be 5 - z*(-3)/(-12). Suppose 2*d = 5*i - 164, u*d - 22 - 24 = -i. List the prime factors of i.
2, 17
Let i = 16 - 18. Let o be 1 + (i - (-2 - -34)). Let q = -7 - o. List the prime factors of q.
2, 13
Let b = 654 + 546. List the prime factors of b.
2, 3, 5
List the prime factors of 5 - 4*-606 - (7 - 2).
2, 3, 101
Let d(t) = -37*t + 4. Let c be d(-2). Let k = 190 - c. Suppose -5*a = -4*w - 0*w - 114, 4*a - k = -2*w. What are the prime factors of a?
2, 13
Let b = -101 - -126. What are the prime factors of (-1 + 6)*1620/b?
2, 3
Let l(f) = -f - 2. Let s be l(-5). Let q be (-5 - s)/((-6)/39). Suppose -3*i = -i - q. List the prime factors of i.
2, 13
Suppose -6*t = -t - 4*y - 1949, -4*t - 3*y + 1584 = 0. What are the prime factors of t?
3, 131
List the prime factors of ((-1)/(-3) - 1)*(-106071)/14.
5051
Suppose 5620 = 27*x - 7*x. What are the prime factors of x?
281
Let z be (12/3 - 4)/1. Let q(n) = z*n + n - 7*n - 15. What are the prime factors of q(-7)?
3
Suppose -3*n - 2*n - 90 = -a, -3*a =